d by c(-5)?
13
Calculate the remainder when (-1)/(1764/(-1056) + -5*2/(-6)) is divided by 38.
36
Let d(t) = t**2 + 16*t + 61. Calculate the remainder when 153 is divided by d(-5).
3
Suppose -h - 7 = f, -2*h = f - 10 + 20. What is the remainder when 34 is divided by h + (-380)/(-14) - 7/49?
10
Let w(d) = -10*d - 3. What is the remainder when w(-3) is divided by (-2)/(-14) - ((-3528)/1008 - 5/14)?
3
Let j(q) = 6*q**3 - 3*q**2 + 2*q + 265. What is the remainder when j(0) is divided by 7?
6
Suppose 2*h = -5*r + 35, 35 = 5*r + 5*h - h. Suppose -9 - 3 = 3*n, -z - n + 30 = 0. What is the remainder when z is divided by r?
6
Suppose 0 = 172405*h - 172388*h - 3570. Suppose -6*m = -m - 215. Calculate the remainder when h is divided by m.
38
Let h(d) = -24 + 27*d**2 + 28*d**2 - 102*d**2 - 26*d + 20*d**2 + 26*d**2. Calculate the remainder when 382 is divided by h(-22).
62
Calculate the remainder when 27/(-54)*-5468*1 is divided by 16.
14
Let i = 116 + -119. What is the remainder when (-1064)/190*5/i*12 is divided by 38?
36
Suppose 35*m + 105*m - 4215 = 825. Calculate the remainder when 116 is divided by m.
8
Suppose -9*f = -14*f, -5*f + 676 = 13*j. Suppose -4*v - 297 = -5*b - 5*v, -4*b = 2*v - 240. Let x = b - j. Calculate the remainder when x is divided by 4.
3
Suppose 5102 = 3*z - 4*s, z - 1719 = -2*s + 7*s. Calculate the remainder when z is divided by 553.
35
Suppose -8*w - 33 = -11*w. Suppose 60 + 40 = 5*a + r, 5*r = -a + 20. Calculate the remainder when a is divided by w.
9
Suppose -3*t + 12 + 6 = 0. Suppose t*u + 15 = u, c - u - 52 = 0. What is the remainder when c is divided by 10?
9
Suppose 0 = 1347*a - 1359*a + 4272. Calculate the remainder when a is divided by 60.
56
Let m(c) = -41*c + 321. What is the remainder when 1685 is divided by m(1)?
5
Calculate the remainder when 71 is divided by 4 - (770/(-77) - (1 + 3)).
17
Let o = 18 + -15. Let q(v) = -o*v - 6*v + 16*v + 48. Calculate the remainder when 35 is divided by q(-5).
9
Let l(s) = 40*s - 123. Let b be l(3). Calculate the remainder when -18*(b + -3 + 96/(-9)) is divided by 7.
6
Suppose -4*m - 3018 = 43*c - 45*c, -4*c = 5*m - 6036. What is the remainder when c is divided by 489?
42
What is the remainder when (96/(-128))/(1/(-656)) is divided by (-1)/(-3) + ((-880)/(-24) - -1)?
36
Suppose 4*a - 117 = 1099*o - 1104*o, -2*a = -3*o + 79. Calculate the remainder when 596 is divided by o.
21
Suppose 0*l - 3*l = -294. Suppose 4*o - o = 4*d + l, 3 = 3*d. Let t(j) = 2*j**3 + 241*j**2 + 109*j - 1017. Calculate the remainder when t(-120) is divided by o.
31
Let s = -4605 - -4634. What is the remainder when 273 is divided by s?
12
Suppose -4*s = -2*i - 614, 54 = s - 2*i - 107. Suppose 22 = 3*r + s. Let g = r + 47. Calculate the remainder when 19 is divided by g.
3
What is the remainder when 325/10*(24/(-10))/(-3) is divided by (-896)/(-192)*(-30)/(-7)?
6
Let k = 236 + -170. Suppose -3*a + 4*a + j - k = 0, 2*j = -5*a + 339. Calculate the remainder when a is divided by 6.
3
Suppose -14*o = -8*o + 36. What is the remainder when 136 is divided by (-3)/o*(19 + 37)?
24
Let k(j) = -11*j**2 + 145*j + 13. Let z be k(10). Suppose -3*o + 84 = -v - 133, 3*v + z = 5*o. What is the remainder when 140 is divided by o?
68
Let a be 3 + 1 + -4 + 4. Suppose a*z = -z + 30. Calculate the remainder when 44/(-66) + ((-406)/z)/(-1) is divided by 23.
21
Suppose -27*j - 73*j = -300. Let a(m) = m**3 - 7*m + m**2 + 0*m**3 - 3 + 12. What is the remainder when 143 is divided by a(j)?
23
Suppose 10361 = 231486*l - 231473*l. Calculate the remainder when l is divided by 27.
14
Suppose 25*g - 27*g + 82 = 0. Let c(r) = r**2 - 6*r + 12. Let p be c(6). Calculate the remainder when g is divided by (-1)/(-5) - p*36/(-40).
8
Let t(h) = -1754*h + 14126. Let b(s) = -s**3 - s**2 - 3*s - 3. Calculate the remainder when t(8) is divided by b(-3).
22
Let d(o) = -9*o**2 + 9*o + 2. Let t be d(1). Let a(h) = 10*h - 10. What is the remainder when 27 is divided by a(t)?
7
Let d(x) = -12*x - 180. Let b(v) = -34*v + 459. Let h be b(14). Let r(o) = -7*o**3 - 4*o**2 - 3*o + 4. Calculate the remainder when r(-3) is divided by d(h).
22
Suppose -9 = 4*w - u - 35, 3*w - 13 = 4*u. Calculate the remainder when 998 is divided by w.
4
Let k(f) = 27*f + 192. Let y be k(-7). Let s(p) = 3*p**2 + 8*p - 26. What is the remainder when 98 is divided by s(y)?
23
Let k = -15 + 180. Suppose -16*f + 437 - k = 0. What is the remainder when 81 is divided by f?
13
Let q be (-2 - (-4 - -1))*3. Suppose -q*p = 188 - 206. Let o = -44 + 65. What is the remainder when o is divided by p?
3
Let t = 185 + -181. Suppose 5*y + 4*j = 80, 2*j + t = -y + 26. Calculate the remainder when 17 is divided by y.
5
Suppose 4*l + 3*b = -b, 0 = 5*l - 2*b. Suppose 3*m - m + m = l. Suppose j + 4 = m, 4*j + 22 + 52 = 2*c. What is the remainder when 144 is divided by c?
28
Suppose 42*w + 20*w - 9384 = -40*w. What is the remainder when 1658 is divided by w?
2
Suppose 272 = -14*n + 2176. Let a(v) = 23*v - 45. Calculate the remainder when n is divided by a(4).
42
Let k be -27*(-4 - 0) + (5 - 2). Let n = -82 + k. Calculate the remainder when n is divided by 15.
14
Let m = -11056 + 11221. What is the remainder when 171 is divided by m?
6
Suppose 4863 - 1519 = 16*m. Let l = 218 - m. Calculate the remainder when 80 is divided by l.
8
Let y = -15953 + 22684. What is the remainder when y is divided by 132?
131
Suppose 61*l + 3*n = 57*l - 2, -4*l = 5*n + 14. Calculate the remainder when 1580 is divided by l.
0
Suppose -l - 3*v = -24, -3*v - 27 = -33. Calculate the remainder when 312 is divided by l.
6
Let v = -42 - -52. Suppose -11*r + 19 = -v*r. Suppose -n + 3 = -51. What is the remainder when n is divided by r?
16
Calculate the remainder when (45/15*3939)/3 is divided by 158.
147
Let g = 3667 + -3417. Calculate the remainder when g is divided by 17.
12
Let a = -937 + 1325. Let c = -445 + 501. What is the remainder when a is divided by c?
52
Let u be 13/((-26)/(-12)) - (5 - -7). Let a be -4 - (-2 + 0/1). What is the remainder when 4 is divided by (u + a + 0)*1/(-2)?
0
Let u = -411 - -495. Suppose 9*j + u = 372. What is the remainder when j is divided by 19?
13
Let t(m) = 24 - 3 - 16*m - 15*m + 8*m + 47*m**2. What is the remainder when 146 is divided by t(1)?
11
Let a = 1448 + -994. Let v = a + -187. Calculate the remainder when v is divided by 54.
51
Suppose 10 = j - 1. Let n = 408 - 404. Suppose -n*u = -222 + 66. Calculate the remainder when u is divided by j.
6
Let d = 4918 + -4912. Suppose -3*p - 1 = 4*w, 0 = -2*p + 2*w + 1 + 3. What is the remainder when d is divided by -3 - (-8 - (-2 + p))?
2
Suppose 3*k - 2*q - 3774 = 0, 0*q = -5*k - 3*q + 6309. Suppose 15*o = k + 1425. Calculate the remainder when o is divided by 12.
11
Suppose g + 5*h - 48 = 7*h, 2*g + h - 101 = 0. Let v(x) = -x + 4. Let w = -30 - -21. Calculate the remainder when g is divided by v(w).
11
Let m(y) = 5*y + 36. Let p be m(-2). Let x(v) = -v**3 + 26*v**2 + 6*v - 88. Calculate the remainder when x(p) is divided by 24.
20
Let s = -1 - -1. Suppose -177*z + 170*z + 399 = 0. Let r = s + z. What is the remainder when r is divided by 15?
12
Let f = 13 + 12. Suppose 18*b = 55*b - 3626. What is the remainder when b is divided by f?
23
Suppose -15*v + 53 = -22. Suppose -34*w - v*w = -507. Calculate the remainder when 55 is divided by w.
3
Suppose 8*k - 3*c = 3*k + 185, -3*c = -2*k + 65. Let g be ((-4)/(-7))/(2/7). What is the remainder when k is divided by 50/10 - (-1 - (g - 1))?
5
Suppose 0 = a + 3*h - 9, -4*h - 3 = -a - 15. Suppose a*j = 2*j - 20. Calculate the remainder when (63/(-7) + 8)*-26 is divided by j.
6
Calculate the remainder when (-950)/1045*(-429)/3 is divided by 55.
20
Let u = -123 - -557. Suppose 18*b + 13*b = u. What is the remainder when 81 is divided by b?
11
Suppose 3*b + 452 = -88. Let l = -38 - b. What is the remainder when l is divided by 19?
9
Suppose -k = -w + 8, 0 = -5*w + k + 2*k + 44. Suppose -4*m + 3*b - 25 = -17, -24 = 8*m - 4*b. Calculate the remainder when 26 is divided by (1 + 10/m)/((-1)/w).
6
Let c be -260 + (20 + 4)/(-6) + -1. Let t = 375 + c. Suppose -4*j = 9 - 65. What is the remainder when t is divided by j?
12
Suppose 288*x = 265*x + 1081. What is the remainder when 1642 is divided by x?
44
Suppose 24 - 32 = -2*